emainder when 4727684 is divided by 77?
38
Calculate the remainder when 51984591 is divided by 473.
472
What is the remainder when 1855985 is divided by 4571?
159
What is the remainder when 1031434 is divided by 25?
9
What is the remainder when 27919 is divided by 787?
374
What is the remainder when 2577613 is divided by 67?
56
What is the remainder when 95055940 is divided by 47527970?
0
Calculate the remainder when 5048418 is divided by 5047986.
432
Calculate the remainder when 875534 is divided by 919.
646
What is the remainder when 2105406 is divided by 173?
169
What is the remainder when 4359900 is divided by 1622?
1586
What is the remainder when 152434 is divided by 449?
223
What is the remainder when 233316596 is divided by 3975?
3971
Calculate the remainder when 1534116 is divided by 63.
3
Calculate the remainder when 2747385 is divided by 71.
40
What is the remainder when 2322203 is divided by 1733?
1716
What is the remainder when 551133 is divided by 6189?
312
What is the remainder when 362222 is divided by 524?
138
What is the remainder when 5335394 is divided by 46?
38
What is the remainder when 20505382 is divided by 238?
16
What is the remainder when 13149732 is divided by 200?
132
Calculate the remainder when 5662 is divided by 1463.
1273
Calculate the remainder when 148954 is divided by 16511.
355
Calculate the remainder when 1457974 is divided by 7043.
73
Calculate the remainder when 4126697 is divided by 1467.
26
Calculate the remainder when 392944 is divided by 1018.
1014
Calculate the remainder when 151161807 is divided by 26.
17
What is the remainder when 1315229 is divided by 119550?
179
What is the remainder when 88263 is divided by 1000?
263
What is the remainder when 35706 is divided by 109?
63
What is the remainder when 76776 is divided by 36111?
4554
Calculate the remainder when 91810 is divided by 36.
10
What is the remainder when 7221301 is divided by 73?
68
What is the remainder when 65833 is divided by 6?
1
Calculate the remainder when 19399552 is divided by 835.
832
Calculate the remainder when 24535 is divided by 1438.
89
What is the remainder when 160120161 is divided by 12?
9
Calculate the remainder when 579831 is divided by 8268.
1071
Calculate the remainder when 3257475 is divided by 12.
3
What is the remainder when 78741035 is divided by 33?
32
Calculate the remainder when 1026610 is divided by 3334.
3072
What is the remainder when 119794 is divided by 10289?
6615
Calculate the remainder when 23861909 is divided by 7953896.
221
Calculate the remainder when 69988190 is divided by 9.
5
Calculate the remainder when 1565818 is divided by 782884.
50
Calculate the remainder when 42559 is divided by 1246.
195
What is the remainder when 2482503 is divided by 176?
23
What is the remainder when 36342 is divided by 17711?
920
What is the remainder when 1902829 is divided by 51427?
30
What is the remainder when 33431 is divided by 33411?
20
What is the remainder when 3205240 is divided by 801261?
196
Calculate the remainder when 13841545 is divided by 3920.
25
Calculate the remainder when 2307861 is divided by 312.
309
Calculate the remainder when 677979 is divided by 338938.
103
Calculate the remainder when 27190 is divided by 561.
262
Calculate the remainder when 107840 is divided by 534.
506
Calculate the remainder when 5245974 is divided by 238436.
382
Calculate the remainder when 1584795 is divided by 1959.
1923
Calculate the remainder when 30227 is divided by 510.
137
What is the remainder when 43332 is divided by 1282?
1026
Calculate the remainder when 93208506 is divided by 443850.
6
Calculate the remainder when 973606 is divided by 757.
104
What is the remainder when 10503861 is divided by 108?
105
Calculate the remainder when 26932 is divided by 984.
364
What is the remainder when 1104880 is divided by 321?
319
What is the remainder when 29744321 is divided by 3274?
31
What is the remainder when 244021657 is divided by 244021648?
9
Calculate the remainder when 7516246 is divided by 1880.
6
What is the remainder when 250964 is divided by 2367?
62
Calculate the remainder when 5086280 is divided by 1695421.
17
Calculate the remainder when 164764 is divided by 16476.
4
Calculate the remainder when 625846 is divided by 32.
22
What is the remainder when 209410 is divided by 4456?
4434
Calculate the remainder when 1375118202 is divided by 92.
90
Calculate the remainder when 52219753 is divided by 3481310.
103
Calculate the remainder when 139551 is divided by 34204.
2735
Calculate the remainder when 125681 is divided by 226.
25
What is the remainder when 6558506 is divided by 1093081?
20
Calculate the remainder when 77954130 is divided by 634.
26
What is the remainder when 143319 is divided by 28214?
2249
Calculate the remainder when 658188956 is divided by 3120.
3116
Calculate the remainder when 404138 is divided by 17170.
9228
What is the remainder when 16456841 is divided by 707?
2
Calculate the remainder when 29990066 is divided by 63.
50
Calculate the remainder when 17410174 is divided by 4284.
4282
Calculate the remainder when 3324608 is divided by 33580.
188
What is the remainder when 1224524 is divided by 1578?
1574
What is the remainder when 15001831 is divided by 114?
1
Calculate the remainder when 521388 is divided by 1875.
138
Calculate the remainder when 99139 is divided by 49568.
3
What is the remainder when 507649 is divided by 1298?
131
Calculate the remainder when 136786 is divided by 68372.
42
What is the remainder when 189291477 is divided by 42?
39
Calculate the remainder when 95740 is divided by 605.
150
What is the remainder when 13033882 is divided by 7225?
7207
What is the remainder when 23455813 is divided by 10462?
9
Calculate the remainder when 29156771 is divided by 148.
31
Calculate the remainder when 705453 is divided by 705438.
15
Calculate the remainder when 6893204 is divided by 97.
93
What is the remainder when 1255833 is divided by 94?
87
What is the remainder when 1688889 is divided by 442?
7
Calculate the remainder when 9936863 is divided by 2674.
279
What is the remainder when 1088104 is divided by 1395?
4
Calculate the remainder when 2316437 is divided by 827.
10
Calculate the remainder when 47735706 is divided by 717.
714
What is the remainder when 5913214 is divided by 1152?
1150
Calculate the remainder when 113154284 is divided by 2146.
2142
What is the remainder when 11415762 is divided by 2455?
12
Calculate the remainder when 387035 is divided by 898.
895
Calculate the remainder when 819393 is divided by 86.
71
Calculate the remainder when 80812568 is divided by 230.
228
Calculate the remainder when 92435 is divided by 3690.
185
Calculate the remainder when 65514 is divided by 2054.
1840
Calculate the remainder when 142673065 is divided by 47557684.
13
Calculate the remainder when 532663 is divided by 276.
259
What is the remainder when 86868 is divided by 86768?
100
What is the remainder when 24790928 is divided by 46?
10
Calculate the remainder when 45550592 is divided by 2673.
2672
Calculate the remainder when 2416897 is divided by 4764.
1549
What is the remainder when 1446891 is divided by 576?
555
What is the remainder when 8630470 is divided by 25?
20
Calculate the remainder when 322784 is divided by 1933.
1906
Calculate the remainder when 9425873 is divided by 942578.
93
What is the remainder when 9671955 is divided by 1074660?
15
Calculate the remainder when 1086550147 is divided by 1526.
1523
What is the remainder when 237390 is divided by 8695?
2625
Calculate the remainder when 413824 is divided by 184.
8
Calculate the remainder when 20630572 is divided by 42.
4
What is the remainder when 188455 is divided by 3178?
953
Calculate the remainder when 2433966 is divided by 143169.
93
What is the remainder when 96832 is divided by 31502?
2326
What is the remainder when 1886946 is divided by 628980?
6
What is the remainder when 311679 is divided by 4004?
3371
Calculate the remainder when 1427839 is divided by 29740.
319
What is the remainder when 7372060 is divided by 38?
22
Calculate the remainder when 3840167 is divided by 37283.
18
What is the remainder when 7801863 is divided by 274?
261
What is the remainder when 550366 is divided by 1542?
1414
Calculate the 